nvert -4223 (base 6) to base 11.
-795
Convert 4225 (base 12) to base 7.
30035
Convert 210222 (base 3) to base 7.
1505
Convert 2012 (base 8) to base 16.
40a
-1a85 (base 13) to base 2
-111110011100
754 (base 8) to base 13
2bb
-44200 (base 5) to base 15
-d85
What is 11101001 (base 2) in base 9?
278
Convert 165 (base 16) to base 5.
2412
-5829 (base 14) to base 15
-481a
Convert -6104 (base 8) to base 15.
-de5
1112100 (base 3) to base 12
790
What is -e9c (base 16) in base 7?
-13622
-25 (base 8) to base 11
-1a
Convert 244 (base 14) to base 5.
3302
Convert -a04 (base 13) to base 15.
-77e
Convert -1e5a (base 15) to base 4.
-1213102
-11100001 (base 2) to base 16
-e1
What is 447 (base 10) in base 14?
23d
What is 40242 (base 9) in base 12?
13378
-1dd4 (base 14) to base 11
-4130
What is 125a (base 11) in base 14?
850
Convert 100000100000011 (base 2) to base 14.
60cb
331334 (base 5) to base 16
2ccd
What is 110001000 (base 2) in base 4?
12020
What is 1049 (base 15) in base 5?
102234
Convert -431 (base 6) to base 9.
-201
Convert 2c2c (base 13) to base 9.
8767
221212 (base 5) to base 12
4542
What is -111111010 (base 2) in base 9?
-622
Convert 1000000001 (base 2) to base 8.
1001
What is -26532 (base 11) in base 8?
-112024
Convert -14a2 (base 11) to base 15.
-887
What is -454 (base 6) in base 7?
-343
What is -1314 (base 5) in base 12?
-155
What is 1c4 (base 16) in base 15?
202
Convert -2151 (base 9) to base 3.
-2011201
322421 (base 6) to base 7
140200
Convert ea9 (base 15) to base 3.
11112120
What is -233d (base 14) in base 5?
-144011
Convert 8d1c (base 15) to base 13.
10830
Convert -1ffc (base 16) to base 7.
-32605
Convert -5d (base 15) to base 2.
-1011000
What is -117156 (base 8) in base 2?
-1001111001101110
5670 (base 8) to base 2
101110111000
What is 35 (base 7) in base 3?
222
What is -44540 (base 6) in base 12?
-3750
What is -1011000101010000 (base 2) in base 16?
-b150
1534 (base 6) to base 15
1cd
Convert -a50 (base 14) to base 8.
-3756
Convert 1a70 (base 13) to base 7.
14412
What is 1096 (base 15) in base 3?
11211020
What is -51 (base 16) in base 11?
-74
What is 31 (base 6) in base 3?
201
What is -1549 (base 15) in base 16?
-11d9
What is -350 (base 14) in base 5?
-10113
12012 (base 4) to base 15
1b0
What is -2504 (base 6) in base 4?
-21220
-43100 (base 5) to base 9
-3872
What is ba (base 12) in base 11?
11a
Convert 303320 (base 4) to base 10.
3320
What is 7854 (base 11) in base 13?
4929
What is 1117 (base 8) in base 5?
4331
What is -120020021 (base 3) in base 13?
-5092
Convert -2678 (base 11) to base 7.
-13061
What is 5835 (base 9) in base 7?
15416
Convert 1000201 (base 3) to base 11.
620
262 (base 13) to base 14
21c
Convert -59bc (base 14) to base 2.
-11110100100010
-6b48 (base 12) to base 6
-131332
What is -2b25 (base 14) in base 2?
-1110111111101
Convert -38 (base 13) to base 6.
-115
-3081 (base 15) to base 3
-112001111
Convert 32032 (base 5) to base 11.
1678
-2f78 (base 16) to base 8
-27570
-12000 (base 7) to base 10
-3087
-5bf (base 16) to base 15
-681
Convert -a08a (base 11) to base 4.
-3101200
-6244 (base 7) to base 15
-9ad
Convert 31020 (base 5) to base 15.
8e0
1302 (base 9) to base 5
12344
-677 (base 8) to base 5
-3242
Convert -13b (base 12) to base 2.
-10111111
502 (base 6) to base 14
d0
-644 (base 8) to base 11
-352
What is 12167 (base 9) in base 7?
32536
Convert 975 (base 14) to base 7.
5305
-1200 (base 4) to base 14
-6c
What is -2002101002 (base 3) in base 16?
-a088
Convert 514 (base 9) to base 10.
418
Convert fc (base 16) to base 2.
11111100
What is -3f0 (base 16) in base 6?
-4400
Convert 116 (base 7) to base 13.
4a
What is -c234 (base 13) in base 8?
-64171
-30335 (base 9) to base 2
-100110111110110
What is 3255 (base 9) in base 5?
34044
What is 120 (base 8) in base 14?
5a
Convert 33235 (base 6) to base 14.
198b
18644 (base 9) to base 6
135451
What is -432 (base 10) in base 3?
-121000
What is -185 (base 12) in base 11?
-203
What is -c84c (base 15) in base 6?
-524100
Convert 2200020 (base 3) to base 7.
5454
5d0 (base 15) to base 2
10100101000
Convert -535 (base 6) to base 7.
-410
What is -300 (base 10) in base 13?
-1a1
Convert -111031 (base 4) to base 6.
-10141
77a (base 15) to base 10
1690
Convert 111001101010011 (base 2) to base 8.
71523
-248a (base 14) to base 6
-45334
Convert -4a98 (base 11) to base 16.
-19f1
Convert 266 (base 16) to base 6.
2502
What is 10001111101011 (base 2) in base 6?
110323
What is 73c (base 14) in base 8?
2622
-101120 (base 5) to base 10
-3285
What is 653 (base 8) in base 4?
12223
What is 317 (base 13) in base 11?
43a
Convert 12021 (base 3) to base 7.
262
1110111011 (base 2) to base 14
4c3
What is 3112 (base 6) in base 7?
2006
2050 (base 6) to base 10
462
What is -13203 (base 4) in base 7?
-1260
96c2 (base 13) to base 10
20945
What is -111331 (base 4) in base 12?
-991
-840 (base 15) to base 6
-12340
357e (base 15) to base 5
330434
What is 1848 (base 12) in base 6?
21332
-526 (base 13) to base 9
-1174
Convert -21020210 (base 3) to base 8.
-12246
-2081 (base 11) to base 6
-20423
What is 80b (base 14) in base 12?
ab7
What is 2903 (base 13) in base 16?
171e
Convert -1010011 (base 3) to base 10.
-814
-535 (base 12) to base 4
-23321
Convert -43210 (base 5) to base 11.
-2224
-2202412 (base 5) to base 8
-111741
What is -368 (base 13) in base 12?
-415
What is 9d1 (base 15) in base 6?
14141
3150 (base 6) to base 16
2ca
-496 (base 10) to base 9
-611
What is -32199 (base 10) in base 16?
-7dc7
Convert -10101011 (base 2) to base 3.
-20100
400 (base 5) to base 12
84
What is a22 (base 16) in base 14?
d34
Convert -25092 (base 10) to base 14.
-9204
What is 102000121 (base 3) in base 14?
2cdd
What is 319 (base 11) in base 5?
3013
Convert -26 (base 16) to base 5.
-123
Convert 804 (base 9) to base 8.
1214
What is -110001001000000 (base 2) in base 4?
-12021000
Convert -6 (base 10) to base 15.
-6
What is 100100000011 (base 2) in base 7?
6504
-29d (base 16) to base 7
-1644
Convert -5101 (base 14) to base 5.
-421132
Convert -750 (base 13) to base 5.
-14443
Convert -4133 (base 6) to base 14.
-49b
What is -4415 (base 13) in base 12?
-55a2
Convert -20054 (base 6) to base 11.
-1a78
Convert 231 (base 5) to base 8.
102
-4a48 (base 14) to base 8
-31310
-10123 (base 4) to base 15
-13d
11040 (base 6) to base 9
2086
What is 3233 (base 7) in base 10?
1151
14c8 (base 14) to base 13
18bc
-94b5 (base 15) to base 3
-1121010122
What is -905 (base 13) in base 9?
-2075
What is -49692 (base 10) in base 8?
-141034
100201 (base 3) to base 15
127
What is 20826 (base 9) in base 11?
a400
Convert -1445 (base 9) to base 8.
-2106
What is -a804 (base 12) in base 15?
-56e1
6bb4 (base 14) to base 9
27674
Convert -2a0 (base 11) to base 13.
-211
Convert -42413 (base 5) to base 12.
-17a2
1172 (base 15) to base 3
12002022
1148 (base 15) to base 2
111001010100
What is -86a (base 14) in base 10?
-1662
Convert 6123 (base 14) to base 15.
4e2b
What is 42402 (base 6) in base 2?
1011010000010
What is -5625 (base 14) in base 13?
-6a45
Convert -10110221 (base 3) to base 9.
-3427
Convert 6829 (base 12) to base 14.
42d3
What is -231013 (base 6) in base 4?
-10303101
Convert 23903 (base 11) to base 9.
52125
What is 58 (base 10) in base 5?
213
1022111 (base 3) to base 12
67a
Convert 32504 (base 9) to base 5.
1142200
Convert -375 (base 10) to base 14.
-1cb
Convert -3992 (base 11) to base 2.
-1010000111111
Convert -3b8 (base 12) to base 13.
-350
What is -34674 (base 11) in base 12?
-24b72
Convert -35 (base 12) to base 11.
-38
Convert 1389 (base 16) to base 14.
1b73
Convert 7612 (base 11) to base 15.
2ea6
807 (base 11) to base 13
5a0
-204312 (base 5) to base 8
-15260
What is 456 (base 9) in base 10?
375
Convert -65322 (base 8) to base 7.
-142504
What is -31312 (base 5) in base 16?
-822
Convert 3442 (base 9) to base 7.
10301
-388 (base 9) to base 2
-101000011
Convert -16766 (base 9) to base 2.
-10110100101010
Convert -60d (base 14) to base 11.
-991
Convert -1121 (base 5) to base 2.
-10100001
Convert 20111221 (base 3) to base 5.
123000
Convert 342240 (base 5) to base 14.
4631
-9707 (base 11) to base 9
-18538
What is 16133 (base 7) in base 16?
11b4
Convert 42768 (base 9) to base 2.
110111010101011
-2b1 (base 15) to base 3
-211211
Convert -13366 (base 8) to base 12.
-349a
Convert 2b34 (base